s digit of u?
8
Let t(y) = y**3 + 9*y**2 + 9*y + 7. Let g = 1 + -9. Let j be t(g). What is the tens digit of j/2 + 165/10?
1
Let g(d) = d**2 + 2*d + 2. Let q be g(-1). Let a(p) = -p**2 + p - 1. Let t(h) = h**2 + 6*h - 2. Let l(u) = q*t(u) - 3*a(u). What is the units digit of l(-2)?
1
Suppose 4*r + 9 = 29. Suppose 0 = -r*u - 10 - 5. Let k(s) = -s**3 - 5*s - 4. What is the tens digit of k(u)?
3
Suppose -3*t + 12 - 6 = 0. What is the tens digit of (18/27 + (-112)/(-3))*t?
7
Suppose 25*g + 7*g - 10624 = 0. What is the units digit of g?
2
Let w(o) = -17*o - 2. Let b be w(-2). Suppose 10*h = 9*h + b. What is the tens digit of h?
3
Suppose -15*y = -19*y - 60. What is the tens digit of 137 - y/(-10)*2?
3
Suppose -3525 - 4257 = -6*t. What is the units digit of t?
7
Let m = 3009 + -832. What is the thousands digit of m?
2
Let h be 3/4 + (-15)/20. Suppose h*n - 21 = -n + 3*m, 2*n = 4*m + 38. Let q(r) = -r**3 + 14*r**2 + 16*r + 17. What is the tens digit of q(n)?
3
What is the hundreds digit of 4 - (2044 - -8)/(-12)?
1
Let f(b) = 46*b**2 + 34*b + 118. What is the units digit of f(-4)?
8
Suppose -3*m = 3*v + 13 - 1, 5*m - 4*v + 29 = 0. Let d = 7 - m. What is the units digit of d?
2
Let c(g) = -9*g**3 + g**2 - 1. Let v be c(-1). What is the units digit of 74 - (-5 + -1)*(-3)/v?
2
Suppose 5*w = -3*b - 57, -b - b = -5*w - 62. What is the tens digit of 60 - (-3)/(w/(-8))?
6
Let b be 4/8*(-2 - -2). Let t = 28 - b. Suppose -4*o = 8, -c + o = -4*c + t. What is the units digit of c?
0
Let i(h) = 45*h - 63. Let w(l) = -22*l + 31. Let g(v) = 4*i(v) + 9*w(v). Let n(p) = -7*p + 11. Let s(d) = -5*g(d) + 12*n(d). What is the tens digit of s(3)?
1
Suppose -5*i + 3*i + 1069 = 5*c, 0 = 3*i - 4*c - 1592. What is the tens digit of i?
3
Let z(f) = -2*f**2 - 26*f + 1. Let w(j) = -j**2 - 13*j + 1. Let d(r) = -5*w(r) + 3*z(r). Let p be (-86)/8 + 2/(-8). What is the tens digit of d(p)?
2
Let z(r) = 2*r**2 - 11*r + 2. Let j(p) = -5*p - 6. Let b be j(-3). Let o be z(b). Let g = o - 38. What is the units digit of g?
7
Let c be (-3)/(-1*(-1 + 2)). Suppose 0 = -w + 4, 140 = l + c*w + 2*w. What is the units digit of l?
0
Suppose -66 = 3*d + 3*l + 24, -2*l = 5*d + 159. Let f = 7 - d. What is the units digit of f?
0
What is the tens digit of 454/4*(4 + (6 - 8))?
2
Let h = 1835 + -588. What is the thousands digit of h?
1
Let j = -136 + 137. Let n = -5 + 2. What is the tens digit of (25 - (j - 5)) + n?
2
Suppose -2*y - b = 15, 39*y = 37*y + b - 13. Let r(o) = 900*o. Let i be r(1). What is the tens digit of i/28 - (-1)/y?
3
Suppose -2500 = -51*k + 32486. What is the units digit of k?
6
Suppose 58 = -3*p - 266. Let o be (-1)/((-429)/p - 4). Suppose o = 4*k - 160. What is the units digit of k?
9
What is the thousands digit of ((-168)/294)/(1/(-6041))?
3
Let j(q) = 4 + 10*q - 4 - 5 - 16. What is the units digit of j(10)?
9
Let z(c) = -4*c**3 + 2*c**2 + c + 5. Let w be z(-3). Let a = w - 86. What is the tens digit of a?
4
Let g be (-1)/3 + (-77)/(-33). Suppose -2*d = g*d - 4*i - 52, 0 = -3*d + 5*i + 37. What is the units digit of -3 - (-2 + 3 - d)?
0
Let z(i) = 23*i - 1. Let g(k) = -k**2 + 4*k + 1. Let b be g(4). Let s be z(b). Suppose -3*l + 2*l + s = 0. What is the tens digit of l?
2
Let h(o) = 13*o + 18. Let c be h(-3). What is the hundreds digit of 1*(-4228)/c + 2/3?
2
Let c(r) = r + 22. Let x be c(-7). Suppose 9*n - x*n + 312 = 0. What is the tens digit of n?
5
Let c(z) = z**3 + 5*z**2 + 3*z - 1. Suppose -7 = 3*j + 5. Let a be c(j). Suppose a*b - 72 = b. What is the tens digit of b?
3
Suppose 0 = 2*q + i - 3*i - 5572, -4*i = -16. What is the tens digit of q?
9
Let d(i) = -259*i - 4. What is the units digit of d(-4)?
2
What is the hundreds digit of ((-5)/25)/(-1) + (-1104)/(-5)?
2
Let i be 7/(-2)*(-72)/42. Let a(u) = 12*u + 16. What is the units digit of a(i)?
8
Let r(w) = w - 3. Let y(u) = u + 7. Let k be y(0). Let q be r(k). Suppose -38 = -4*p + g + 33, 0 = -4*p + q*g + 56. What is the tens digit of p?
1
Suppose -3*g - 15 = -6*g. Let m(d) = d**3 + d**2 - 7*d. What is the hundreds digit of m(g)?
1
Let d = 393 - -322. What is the tens digit of d?
1
Suppose 4*d + s - 10772 = 0, d + 0*s + 3*s - 2693 = 0. What is the tens digit of d?
9
Suppose h = a - 7, 3*a - 4*h - 11 = 13. Suppose 3*k - 5*v = -k + 11, -k + a*v = 0. Suppose 4*w + 2*f - 204 = -f, k = f. What is the tens digit of w?
4
Let t be -2*1 - (-25 - 6). Let p = t + 8. Let h = p - 20. What is the tens digit of h?
1
Suppose 5*a - 4*r - 54 = 0, -2*a + 4*r + 24 = -0*r. What is the tens digit of a/(-40) - (-401)/4?
0
Let z be -44 - (-8 - (-2 + -1)). Suppose -2*l + 68 = -l. Let w = z + l. What is the tens digit of w?
2
What is the hundreds digit of (-6)/(4/((-4068)/27))?
2
Let h(d) = 2*d**3 - 3*d**2 - 2*d. Let b = 13 + -20. Let v(q) = q**3 + 8*q**2 + 8*q + 10. Let z be v(b). What is the tens digit of h(z)?
2
Suppose 15*y - 56*y = -86223. What is the hundreds digit of y?
1
Let q(b) = -b**3 + 8 + 2*b + 3*b**2 - 15*b**2 + 8*b**2. Let x be q(-4). Suppose -z = -x - 35. What is the units digit of z?
5
Suppose -1106 - 4350 = -22*x. What is the units digit of x?
8
Let o = -577 - -985. Suppose o = 16*b - 10*b. What is the tens digit of b?
6
What is the units digit of (-15624)/(-20) + 2*(-13)/130?
1
Suppose 5*f = -0*o + 3*o - 401, -2*o + 264 = -4*f. Let v = o - 0. What is the hundreds digit of v?
1
Let u = -22 + 40. Let y = -105 + 107. Suppose -4*l + u = y*w, -w - 1 + 4 = 0. What is the units digit of l?
3
Suppose -6*f + 135 = -f. What is the units digit of f + 1 - (4 - 3)?
7
Let t = 1946 + -1330. What is the tens digit of t?
1
Suppose 2*r + 9 - 23 = b, -b = -5*r + 29. Suppose 0 = 3*z - l - 35, 0 = -z - 3*z - r*l + 53. What is the units digit of z?
2
What is the units digit of -2 - (278/6)/((-18)/108)?
6
Let d = 12095 + -7646. What is the tens digit of d?
4
Let r be ((-2)/(-6))/((-7)/(-105)). Suppose 4*d + r = 25. Suppose -22 = -h - b - 6, b + 68 = d*h. What is the units digit of h?
4
Let n(z) be the second derivative of z**4/3 - 26*z**2 - 2*z. What is the hundreds digit of n(-9)?
2
Suppose 0*k - 8 = -4*k. Suppose 3*u = -5*l + 474, -87 = -4*l + 3*l + k*u. What is the tens digit of l?
9
Let w = -2603 - -4935. What is the tens digit of w?
3
Let q(s) = 26*s**2 + s. What is the tens digit of q(4)?
2
Let j be (-1)/(-1 + 2)*544/(-16). Suppose -1005 = -5*h - 5*d, d - 269 = -5*h + 752. Suppose 3*y - h + j = 0. What is the units digit of y?
7
Suppose 5 + 4 = 3*q. Let v be q/(-9) - 220/(-12). Suppose -4*b = -0*b + 2*t - 60, -v = -2*b - 4*t. What is the tens digit of b?
1
Let h(o) = 7*o + 268. What is the units digit of h(-34)?
0
Suppose -2*n = 2*c - 276, -5*n = -2*n + c - 416. What is the tens digit of n?
3
Let i(j) = j**3 + 7*j**2 + 7*j + 9. Let l be i(-6). Let h = 18 - l. Suppose -40 = -5*m - h. What is the units digit of m?
5
Suppose 11*u - 12*u + 3162 = 0. What is the thousands digit of u?
3
Let a = 4 + 10. Let f = -8 + a. Suppose 4*h + 46 = f*h. What is the tens digit of h?
2
Let r = -27 + 20. Let c(z) = -z**3 - 7*z**2 - 8*z + 13. What is the tens digit of c(r)?
6
What is the hundreds digit of (-71890)/(-55) - (-3)/(-33)?
3
Let f(b) = 38*b - 13. Let m be f(9). Suppose 4*r - 175 = -2*p + 151, -4*r + m = 3*p. What is the tens digit of r?
8
Let g(h) = -4 - 6*h + 12*h - 4*h**3 - 4*h. Let y(w) = 3*w**3 - 3*w + 3. Let c(k) = -2*g(k) - 3*y(k). What is the units digit of c(-4)?
3
What is the hundreds digit of (-7)/(7 + -14) + 273?
2
Let o be (-1)/3 - (-138)/9. Suppose 3*y + g = -o, -2*y - 4*g + 5 = -3*y. Let p = y - -12. What is the units digit of p?
7
Let m(j) = j**3 - 9*j**2 + 2*j - 40. What is the hundreds digit of m(14)?
9
What is the units digit of (-38538)/(-150) + (-14)/(-175)?
7
What is the units digit of ((-12)/(-10))/((-3)/(-1930) - 0)?
2
Let z(j) = -j**2 - 2*j + 3. Let v be z(-3). Let s = -60 + 90. Suppose 3*c = 3*p - s, v = 4*p + 2*c - 7 - 9. What is the units digit of p?
6
Suppose 5*b - w - 401 = 352, 0 = -2*b - 5*w + 312. What is the units digit of b?
1
Let k be -4*(0 - (-6)/4). What is the tens digit of k/3 + 7 + 88?
9
What is the hundreds digit of (-1)/2 + (-93534)/(-68)?
3
Let k(j) = j**2 + 4*j. Let q be k(-4). Suppose q = -3*u + 5 + 4. Let h = 11 - u. What is the units digit of h?
8
What is the thousands digit of 1189 - (6/(-18) - 30/(-9))?
1